
Suppose -8 = 2*m - 5*j, 16 = 2*m + 2*m - 2*j. Suppose 4*b = m*b + 10, 4*x = 4*b + 1560. What are the prime factors of x?
5, 7, 11
Suppose 2*w - 2*d - d - 3363 = 0, 0 = 2*w + 5*d - 3387. Let i = 2429 - w. List the prime factors of i.
743
Suppose 50*g + 72*g - 166218 = 1116246. What are the prime factors of g?
2, 3, 73
Let s(t) be the third derivative of 0*t + 0 + 1/24*t**4 + 11/3*t**3 + 9*t**2. List the prime factors of s(-6).
2
Let a(s) = -21*s - 36. Let x(u) = -64*u - 109. Let b(p) = -8*a(p) + 3*x(p). Let q be b(-22). Let w = q + -299. List the prime factors of w.
2, 5, 19
Let j = -8 + 15. Suppose -g - 3 = -j. Suppose -g*u + 616 = 148. List the prime factors of u.
3, 13
Let u be 12/18*4484*-42. List the prime factors of u/(-95) - 2/(-5).
2, 661
Let u(z) = 1976*z + 15076. List the prime factors of u(0).
2, 3769
Let j = 102 - 596. Let q = j - -2502. List the prime factors of q.
2, 251
Suppose -69663 + 12837 = -11*s. What are the prime factors of (-17)/(595/s)*(-5)/2?
3, 41
Suppose -3*s = 2*s - 35. Suppose 0 = h + s*h - 1032. What are the prime factors of (-21)/6 + (-2)/(-4) + h?
2, 3, 7
List the prime factors of 7244 + (442/(-68) - 2/(-4)).
2, 7, 11, 47
Let o(w) = -555*w - 307. Let c be o(-14). Suppose 5*h + 10 = 0, 6*h - 2*h = 5*i - c. What are the prime factors of i?
3, 7, 71
Let r = -30 - -37. Let q be (3/r)/((-1)/(-7)). Suppose m = 0, -m + 0*m = q*h - 33. List the prime factors of h.
11
Let m = 23967 + -10653. What are the prime factors of m?
2, 3, 7, 317
Let q(o) = o + 1. Let x be q(1). Let w be 3/(9*x/24). List the prime factors of 54 - (w/(-4) + -2).
3, 19
Let x be ((-3336)/16)/(6/40). Let q = x + 2495. What are the prime factors of q?
5, 13, 17
Let n(j) = -j**2 - 18*j - 34. Let v = -224 + 214. What are the prime factors of n(v)?
2, 23
Let v(x) = x**3 - 8*x**2 - 14*x + 12. Let k(t) = -t - 11. Suppose -5*z + q - 9 = 93, 4*z + q = -87. Let h be k(z). What are the prime factors of v(h)?
2, 3
Suppose 3*c - 20 = 8*c. Let g be c/3*3 - -6. Suppose 4*n + 96 = w, 0 = 2*w - g*n - 2*n - 176. List the prime factors of w.
2, 5
Let n = -455 + 108. Let v = 497 + n. What are the prime factors of v?
2, 3, 5
List the prime factors of (168/(-18))/(-7)*6 + 152672/8.
2, 3, 37, 43
Suppose -5*t = 5*y - 9 - 11, -3 = 3*y. Suppose -t*c = -10*c - 5. What are the prime factors of 678/12 + (-5)/(-2) + c?
2, 29
Suppose -l = -2*w + 164, -7*w - 5*l = -3*w - 328. Let g = 2716 + -2749. Let k = w + g. What are the prime factors of k?
7
Let w = -123 - -129. Suppose 236 = -w*s + 5126. List the prime factors of s.
5, 163
Let t(l) = -246*l**2 - 5*l + 1. Let g(i) = 248*i**2 + 5*i - 2. Let p(v) = -3*g(v) - 4*t(v). List the prime factors of p(-1).
3, 79
Suppose -5*q + 8 = -q. Let d be (42/(-35))/(3 - (-574)/(-190)). Suppose t - d = -q*y, 0 = t + 2*t - 3. List the prime factors of y.
2, 7
Suppose -96*c + 1010745 = -16*c + 321705. List the prime factors of c.
3, 11, 29
Let u = -18 - -17. Let i be u*(-6 - -3)/1. What are the prime factors of (-4 - -5)/(i/(15 - 0))?
5
List the prime factors of 2090 - (12/42 + 1/((-28)/36)).
3, 17, 41
Suppose 137*h = 1795148 + 1955051 - 946083. List the prime factors of h.
2, 7, 17, 43
Let g(v) be the third derivative of 7/2*v**5 + 0 - 1/3*v**3 - 18*v**2 + 0*v + 1/12*v**4. List the prime factors of g(1).
2, 3, 5, 7
Let i(j) = 8*j**2 + 14*j + 1. Suppose -16*s - 47 = 17. What are the prime factors of i(s)?
73
Suppose 3*b - 17400 = -l - 3*l, 3*b - 3*l = 17421. List the prime factors of b.
2, 1451
Let d(u) = 86*u**2 + 4*u - 10. List the prime factors of d(6).
2, 5, 311
What are the prime factors of (11 + (-4)/(1 - 3))*(2 + 451)?
3, 13, 151
Let n = 4203 - 4030. What are the prime factors of n?
173
Let h(r) = 170*r**2 + 132*r + 714. What are the prime factors of h(-6)?
2, 3, 19, 53
Suppose 0 = -5*i - p + 27029, -287*p + 285*p = -i + 5408. List the prime factors of i.
2, 3, 17, 53
Suppose -3*a + a = 2*p + 14, -p + 47 = -5*a. Let t(y) = -y - 5. Let h be t(a). Suppose 0 = -h*c + 158 + 110. What are the prime factors of c?
67
Suppose 4*v = -4*z - 4, 4*z = 3*v + v + 36. Suppose -9*j - 1045 = -z*j. Let n = -22 - j. What are the prime factors of n?
11, 17
Suppose 0 = 12*g - 3 - 33. Suppose -5*v + 2215 = 3*t, -g*v + t + 1329 = -t. What are the prime factors of v?
443
Let c = 2689 - -4673. List the prime factors of c.
2, 3, 409
Suppose -11 = -6*y + 553. Let z be ((-91)/7)/(1/(-5)). Let q = y - z. List the prime factors of q.
29
Suppose -11*r + 146853 - 43464 = -248193. What are the prime factors of r?
2, 3, 7, 761
Let i(p) be the third derivative of 22*p**6/15 + p**5/60 - 5*p**4/24 + p**3/2 + p**2 - 4. What are the prime factors of i(1)?
5, 7
Let k(m) = 85*m**2 - 110*m + 604. List the prime factors of k(13).
3, 4513
Let n(f) be the third derivative of -f**7/420 + f**6/40 + f**5/5 + 29*f**2. Let s(l) be the third derivative of n(l). List the prime factors of s(-4).
2, 3, 11
Let l = -2 + -22. Let z = l - -19. What are the prime factors of (-24)/60 + (-472)/z?
2, 47
Let z(x) = x**3 + 18*x**2 + 5*x - 19. Suppose -3*j = 4*a + 83, 0*a = -a + 3*j - 2. What are the prime factors of z(a)?
5, 37
Let a be 3/6*(-13 + 23). Suppose 4*p - 2178 = a*r - 2*r, p = -2*r + 550. What are the prime factors of p?
2, 3, 7, 13
Let t(p) = p**3 + 23*p**2 - 2*p - 42. Let l be t(-23). Let k(q) = 44*q**2 + 9*q - 52. List the prime factors of k(l).
2, 43
Let r = 5940 - -3306. Suppose 0 = 5*m - r + 196. What are the prime factors of m?
2, 5, 181
Suppose -s + 47 = 3*i, 16 + 117 = 3*s + 5*i. Suppose 0 = s*j - 3127 + 831. List the prime factors of j.
2, 7
Suppose 136890 = 68*q - 53*q. List the prime factors of q.
2, 3, 13
Let p be 2/2 - (-10)/5. Suppose -u = d - 241, 4*u = -9*d + 11*d - 464. Suppose 139 = p*h + 3*z - 104, -d = -3*h + 2*z. List the prime factors of h.
2, 5
Let n(d) = d**3 - 19*d**2 + 14*d - 18. Let g be n(15). Let t = g + 477. Let a = t + 325. What are the prime factors of a?
2, 47
Let t = 27196 + -15110. Suppose 24*s = -3518 + t. List the prime factors of s.
3, 7, 17
Let f = 0 + 0. Let g = -1261 + 1306. Let m = g - f. What are the prime factors of m?
3, 5
Let d = 224 + -133. Suppose 86*v - d*v = -2800. Suppose 395 = 5*l - v. List the prime factors of l.
191
Let h be -2 - (-170)/25 - 1/(-5). Suppose -2*r = -5*d + 86 + 12, h*d + 4*r - 74 = 0. Let s = d + 8. List the prime factors of s.
2, 13
Let l be -2 + 8 - (-4 - -4). Suppose l*n = 2*n + 12. Suppose 5*p - 270 = -5*b, n*p - 5*b = -27 + 149. What are the prime factors of p?
7
Let w(n) = n**3 - 18*n**2 + 5*n - 70. Suppose 117*z = 115*z + 36. What are the prime factors of w(z)?
2, 5
Let q(b) = -675*b + 2629. List the prime factors of q(-28).
21529
Let s be (486/(-72) + -2 + 1)/((-7)/28). Suppose 190 = 8*y - 3*y. Suppose y*h - s*h = 378. List the prime factors of h.
2, 3
Let w be (-751)/(-1)*-1 - 7. Let r = -294 - w. What are the prime factors of r?
2, 29
Let s = 10695 - -11746. List the prime factors of s.
22441
Let j(f) = -5*f**3 + 2*f**2 - 3*f + 796. Let u(t) = -14*t**3 + 6*t**2 - 8*t + 2387. Let l(r) = -11*j(r) + 4*u(r). What are the prime factors of l(0)?
2, 3, 11
List the prime factors of (-589101)/(-10) + ((-261)/(-29))/(-90).
2, 5, 43, 137
Let j be (56/12 - 3)*(3 + 0). What are the prime factors of 93210/105 - j/(35/(-2))?
2, 3, 37
Suppose 145837 - 1027357 = -48*o. What are the prime factors of o?
5, 3673
Suppose -8*d + 4*d = -4. Let c(i) = 159*i**2 - 7*i + 135*i**2 + 2 - 30*i**2. List the prime factors of c(d).
7, 37
Let g(o) = o**3 + 46*o**2 - 108*o + 112. List the prime factors of g(-28).
2, 7, 11
Let k(u) = -u**3 - 2*u**2 + 4*u - 3. Let z be k(-3). Let y(l) = -76*l + 5. Let f be y(z). Suppose -531 - f = -8*b. What are the prime factors of b?
2, 31
Suppose -x - 14 = -5*z, -3*z + 5*z - 2*x = 4. Suppose -4*w + p - z*p + 492 = 0, -5*p + 610 = 5*w. What are the prime factors of w?
2, 31
List the prime factors of 17254692/1053 + 2/(-9).
2, 3, 2731
Let l(m) = 10*m**2 + 7*m + 2. Let c be 7/(-14) + (-25)/(-2) + -3. Let q be l(c). Suppose h + 6*h = q. What are the prime factors of h?
5
Let z(k) = -3481*k**3 - k**2 + 2*k + 4. Let d be z(-1). Suppose 0 = 4*b + 5*o - 2803, -5*b + 7*o + d = 6*o. List the prime factors of b.
17, 41
Let m be 5 - 10/(50/1935). What are the prime factors of (-145)/29 - 1*m?
13, 29
Suppose 5 + 85 = -9*i. L